79
Suppose -y - 1400 = -3*v, 4 = -8*y + 12*y. Let j = v - 269. List the prime factors of j.
2, 3, 11
Suppose h - 2147 + 335 = -3*b, 4*b = 2*h - 3674. Suppose -3*g = -24*g + h. List the prime factors of g.
3, 29
Let i(j) = j**3 - 7*j**2 - 11*j + 32. Let f be i(4). What are the prime factors of (20/f)/((-1)/1077)?
359
Let n = -51 + 12. Let f = 270 + n. Let h = -143 + f. List the prime factors of h.
2, 11
Let n(k) = k**3 - 6*k**2 + 8*k + 3. Let y be n(3). What are the prime factors of 0 + y + 13 + 63 + -63?
13
Suppose -65*z = -61*z - 28. Suppose 4*f - 5*w + 16 = -z, -3*f - w = 3. List the prime factors of f/(2 - 4) - -161.
2, 3
Suppose 0 = -o - 2*v + 12, o + 2*v + 12 = 6*o. What are the prime factors of -4 + 590 - 0 - o?
2, 3, 97
Let f(l) be the third derivative of -l**6/120 + 13*l**5/60 - 3*l**4/4 - 13*l**3/2 + 42*l**2. List the prime factors of f(10).
3
Suppose -2*g - 361*g + 1517461 = -9472364. What are the prime factors of g?
5, 7, 173
Let v = -739 + 1694. List the prime factors of v.
5, 191
Let k be (114/133)/((-2)/(-14)). Suppose 2*a + 39 = 5*a - 2*p, -2*p - k = 0. Suppose 9*x - a - 7 = 0. List the prime factors of x.
2
Suppose 0 = -5*y - o + 6*o + 415, -y - o = -77. Suppose -531*g = -492*g - 5031. Let q = g - y. List the prime factors of q.
7
Let u = 1241 - -5799. Suppose -19*w - u = -41*w. What are the prime factors of w?
2, 5
Let n = -894 - -2910. Let z = n + -498. What are the prime factors of z?
2, 3, 11, 23
What are the prime factors of 3/(-2)*((-29549800)/975 - (-4)/26)?
13, 269
Let i = 131 + -121. Let u(r) = 14*r + 64. List the prime factors of u(i).
2, 3, 17
Let t(g) = 14*g**2 + 23*g + 138. What are the prime factors of t(-11)?
1579
Let c = 9127 - 3685. What are the prime factors of c?
2, 3, 907
Let o(n) = -1014*n**3 - 15*n**2 - 30*n - 21. What are the prime factors of o(-3)?
2, 3, 569
Let k(v) = 12*v**2 + 8*v + 8. Let l be 2/8 + (-5)/((-20)/47). Let n be 2*(-3)/(l/8). What are the prime factors of k(n)?
2, 3, 7
Let r(k) = -1023*k**3 - 30*k**2 - 24*k - 4. What are the prime factors of r(-2)?
2, 2027
Suppose 63185 = z + 7*k, -2*k + 17410 = -z + 80631. List the prime factors of z.
3, 19, 1109
Suppose 3*n - 2*z = 51310 - 3194, z = -3*n + 48104. List the prime factors of n.
2, 19, 211
Let t be -1*1*1/(-1) - -1. Let a(n) = 6*n**3 - 6*n + 8. What are the prime factors of a(t)?
2, 11
Suppose s = -4, s = 9*p - 6*p - 4. Suppose -2*b + 1682 = 2*v, p*b = -2*v - 4*b + 1690. List the prime factors of v.
3, 31
Suppose 14*h = -h + 748907 + 161878. What are the prime factors of h?
60719
List the prime factors of (38 + -64)/(3/(-1758)).
2, 13, 293
Let l(s) = 2*s**2 - 2*s. Let d be l(1). Suppose d = -5*j + 147 - 7. What are the prime factors of 567/j - 3/12?
2, 5
Let z = 155 + -150. Suppose 6 = -5*w + 31, 0 = u - 4*w - z. List the prime factors of u.
5
Suppose -2*q = 513 + 205. Let x = 3 - q. What are the prime factors of x?
2, 181
Let l(x) = -x**3 - 8*x**2 - 12*x + 4. Let p be l(-10). Suppose -39*b + 35*b + p = 0. Let k = b + -38. List the prime factors of k.
43
Suppose 418 = -a - 0*a - c, -5*c - 410 = a. Let z = 707 + a. List the prime factors of z.
7, 41
Suppose 0 = 2*c - 3*l - 590, 731 = 4*c - 2*l - 449. Let a = 452 + c. What are the prime factors of a?
3, 83
Let b(g) be the first derivative of g**6/360 + 19*g**5/120 + g**4/3 + 8*g**3 - 44. Let t(z) be the third derivative of b(z). List the prime factors of t(-24).
2
Let s = -1 + 0. Let j(m) be the third derivative of 8*m**5/15 - m**4/6 - m**3/6 - 76*m**2. List the prime factors of j(s).
5, 7
Let m(c) = c**2 + 58*c - 866. List the prime factors of m(-93).
2389
Let c = -2862 - -4583. Let h = c - 978. List the prime factors of h.
743
Let y = 216 + -217. What are the prime factors of (-55)/y + (0/5)/(-1)?
5, 11
Suppose -99*g = 112*g - 11514692. List the prime factors of g.
2, 7, 1949
Let c = 63 - 63. Suppose -5*h = 4*w + 121, 11*w - 13*w + h - 71 = c. Let t = 8 - w. What are the prime factors of t?
2, 3, 7
Suppose 0*y - 2*y = -0*y. Suppose 2*h + z + 2 - 3 = y, -z + 1 = 0. What are the prime factors of 25 - -5 - (h + (-1 - -1))?
2, 3, 5
Let o(f) = 38*f - 74. Let z be o(2). Suppose k - 336 = -4*p, -z*p - 4*k + 28 = -154. What are the prime factors of p?
83
Let w = -420 - -593. What are the prime factors of (1 + 1)*(w + 18)?
2, 191
Let q = 22 + -14. Let g be (-3)/((-6)/q) - 564. What are the prime factors of (-48)/20*g/12?
2, 7
Let b be 6/5*(-15)/(-18)*3. Suppose 108 + 221 = s + q, -4*s - b*q = -1313. What are the prime factors of s?
2, 163
Suppose -477*d - 351408 = -5*c - 478*d, -3*c = -d - 210848. What are the prime factors of c?
2, 35141
Let t = 36568 + -3403. List the prime factors of t.
3, 5, 11, 67
Let p = -18839 - -27146. What are the prime factors of p?
3, 13, 71
Let o = 212 + -621. Let g = o + 913. List the prime factors of g.
2, 3, 7
Let i = -32 - -27. Let v be 4 + i + -3 + -1. List the prime factors of 3 - (10/v + -187).
2, 3
Suppose 2*j = 102 - 96. Suppose -2*o = -j*g + g - 156, -2*o + 148 = -4*g. What are the prime factors of o?
2, 41
Let g(a) = 93*a**2 + 12*a + 29. Let i be g(-18). Suppose 30*w = -6635 + i. What are the prime factors of w?
3, 7, 37
Suppose -1494 = 63*w - 72*w. Suppose w*n - 792 = 164*n. What are the prime factors of n?
2, 3, 11
Suppose -4*t - 17 = -49. Suppose 12*a + 20 = t*a. List the prime factors of (282/a)/((-3)/(75/10)).
3, 47
Suppose 5*t - 41*d + 40*d - 1881 = 0, d + 753 = 2*t. List the prime factors of t.
2, 47
Suppose 4*c - s - 338285 = -107623, -3*c - 5*s = -173008. List the prime factors of c.
2, 3, 7, 1373
Let l = 6024 - -3286. List the prime factors of l.
2, 5, 7, 19
Suppose -24381 = -n - 4*q, 4*n - 81*q = -84*q + 97628. List the prime factors of n.
24413
Let s(u) = 533*u - 1397. What are the prime factors of s(16)?
3, 2377
List the prime factors of 49/(-98)*(-2)/5 + (-448768)/(-10).
3, 7, 2137
Let o(x) = 21801*x**2 + 157*x + 159. What are the prime factors of o(-1)?
21803
Let a be (13/(-39))/(2/(-6))*-1. Let k be -2 - (-3 + 2 + a). Suppose -5*i + 391 = -2*x, -4*i + 0*i - 4*x + 324 = k. List the prime factors of i.
79
Let m = 4890 + -2776. List the prime factors of m*14/(-12)*21/(-49).
7, 151
Suppose -14*s = -15*s + 4*y + 563, 0 = 5*s - 5*y - 2725. List the prime factors of s.
7, 11
Let i(w) = 6*w**2 - 117. List the prime factors of i(33).
3, 23, 31
Let m = 1158 - -4803. List the prime factors of m.
3, 1987
Let k = 4 - 166. Let y = 250 - k. What are the prime factors of y?
2, 103
Suppose 14*i - 22*i + 72 = 0. What are the prime factors of 458/4*6/i*3?
229
List the prime factors of (-719597)/(-15) - (15 - 5575/375).
3, 15991
Let t be 12*((-2 - 1) + 52/16). What are the prime factors of 0 + t + 658 + -22?
3, 71
Suppose -24*y + 375 = -21*y. Suppose -135*i + 6210 = -y*i. What are the prime factors of i?
3, 23
Let m be ((-114690)/21)/(-2) - 14/(-49). Let t = m - 1873. Suppose 0 = -s - 5*s + t. List the prime factors of s.
11, 13
Suppose 2*x - 5*w = -3*w + 20, 5*x = 4*w + 52. List the prime factors of 20/x*(-3621)/(-85).
71
Let d(c) = -1766*c - 859. What are the prime factors of d(-15)?
19, 71
Suppose 15*l = 8*l - 84. What are the prime factors of 84 + 0 + (-36)/l?
3, 29
Let r(h) = 2*h - 9. Let f be r(7). Suppose 2*s + 0*s - 2*t = 1104, 0 = f*s - 3*t - 2760. Suppose -13*y = -9*y - s. List the prime factors of y.
2, 3, 23
Let l(a) = 5*a**2 + 4*a - 8. Let w(o) = 11*o**2 + 3*o - 9. Let z(u) = -3*l(u) + 2*w(u). Let b be 23/4 - 3/(-12). List the prime factors of z(b).
2, 3, 37
Let v(o) = 8*o**2 - 111*o + 21035. List the prime factors of v(0).
5, 7, 601
Suppose -31*u + 33*u = -104. Let g = u - -31. What are the prime factors of g/27 + 1 - (-1668)/27?
2, 31
Let x(p) = -1819*p - 402. What are the prime factors of x(-4)?
2, 7, 491
List the prime factors of (-2)/(-25) + (12086980/250 - -41).
11, 53, 83
Let b be (16/(-12))/((-23)/(-24) + -1). Let a = -33 + b. List the prime factors of -4 + -1 + 124 - a*3.
2, 61
Let t(y) be the third derivative of y**6/24 - y**5/60 - y**4/12 + y**3/6 - 9*y**2. Let p be t(2). Suppose -19 - p = -2*w. What are the prime factors of w?
2, 13
Let u = 31894 - 8943. List the prime factors of u.
59, 389
Suppose -2*i - 6*l = -2*l + 8, 0 = -3*i + l + 2. Suppose i = -44*c + 26*c + 1944. List the prime factors of c.
2, 3
Suppose -y - 18*y + 2339015 = 